he highest common factor of 299217 and 34476?
51
Calculate the highest common factor of 28584798 and 44.
22
What is the highest common divisor of 9216626 and 472?
118
Calculate the greatest common factor of 2260 and 5108052.
452
Calculate the greatest common factor of 20380 and 34804964.
4076
What is the greatest common divisor of 697 and 5019917?
41
Calculate the greatest common factor of 1398136 and 48.
8
Calculate the highest common factor of 36839097 and 16545.
3309
What is the highest common divisor of 14928 and 19866369?
933
Calculate the highest common divisor of 71 and 71012212.
71
Calculate the greatest common divisor of 2202472623 and 26.
13
Calculate the greatest common divisor of 146 and 16397333.
73
Calculate the highest common divisor of 65078293 and 161.
161
Calculate the greatest common divisor of 8700 and 38952.
12
Calculate the highest common factor of 4142076 and 569430.
4218
What is the highest common divisor of 4776640 and 59?
59
Calculate the highest common divisor of 776670082 and 1051.
1051
What is the greatest common divisor of 93 and 317808714?
93
Calculate the highest common factor of 657 and 28849089.
219
Calculate the highest common divisor of 14907140 and 220.
20
What is the greatest common factor of 2927920764 and 318?
318
Calculate the greatest common factor of 1015440 and 51.
3
Calculate the greatest common factor of 25650 and 843700.
50
What is the greatest common divisor of 6552 and 8617518?
1638
Calculate the greatest common divisor of 196192 and 506.
2
What is the greatest common factor of 762023200 and 10?
10
Calculate the highest common divisor of 115501 and 4237.
19
Calculate the highest common divisor of 2204 and 65801.
29
Calculate the greatest common divisor of 13836669 and 693.
231
What is the greatest common factor of 5505838 and 2626?
26
What is the highest common divisor of 1737879 and 205491?
429
Calculate the greatest common factor of 117 and 110298474.
117
Calculate the highest common factor of 1316 and 27463604.
1316
What is the greatest common divisor of 68 and 142579?
17
What is the greatest common factor of 1648152 and 68112?
792
Calculate the highest common factor of 473339 and 186.
31
What is the highest common factor of 48 and 87378192?
48
What is the greatest common divisor of 2537 and 49501?
59
Calculate the highest common divisor of 1089 and 202786320.
363
Calculate the greatest common factor of 157742 and 229.
1
Calculate the highest common divisor of 5262816 and 69888.
1248
Calculate the greatest common factor of 6025 and 421124605.
1205
What is the highest common divisor of 475 and 3439?
19
Calculate the greatest common divisor of 15738 and 227835.
183
Calculate the highest common divisor of 1707 and 4662156693.
1707
What is the highest common divisor of 1094589 and 16857?
9
What is the greatest common divisor of 18 and 33013980?
18
What is the greatest common factor of 160 and 302920?
40
Calculate the greatest common divisor of 757652384 and 212.
212
Calculate the greatest common factor of 52689 and 1508052.
273
What is the highest common factor of 645 and 1313835?
15
What is the highest common factor of 3378495 and 9435?
255
What is the highest common divisor of 1409967 and 14823?
81
Calculate the highest common divisor of 5898 and 23359029.
2949
Calculate the highest common divisor of 1895724 and 263412.
324
What is the highest common factor of 23764 and 778170003?
5941
Calculate the greatest common factor of 84649987 and 68.
17
What is the greatest common divisor of 175455411 and 127083?
11553
Calculate the greatest common divisor of 41031183 and 7004.
1751
What is the highest common divisor of 18032 and 5955712?
2576
Calculate the greatest common divisor of 3856682 and 4552.
1138
What is the greatest common divisor of 9193385 and 35?
5
What is the greatest common factor of 490523986 and 499?
499
What is the greatest common divisor of 3320533 and 9683?
23
What is the greatest common divisor of 1227424 and 152794?
634
What is the highest common divisor of 122 and 868659947?
61
Calculate the highest common factor of 469 and 4198858979.
469
Calculate the highest common factor of 285 and 6398760.
15
What is the greatest common divisor of 924 and 92649788?
308
What is the greatest common factor of 39553 and 46433084?
1069
What is the highest common divisor of 655016 and 159736?
328
What is the highest common divisor of 713760 and 530?
10
Calculate the greatest common divisor of 48 and 1516268496.
48
What is the highest common divisor of 1374190 and 205?
5
What is the greatest common factor of 60129 and 163404?
459
What is the highest common divisor of 1718 and 1480057?
859
Calculate the greatest common divisor of 1190 and 75755162.
238
Calculate the greatest common factor of 688 and 179309656.
344
Calculate the highest common divisor of 299702982 and 762.
762
What is the greatest common factor of 32172395 and 201?
67
What is the highest common divisor of 99572 and 1750012?
1364
Calculate the greatest common factor of 1202307372 and 146.
146
Calculate the greatest common divisor of 12764 and 216.
4
What is the highest common divisor of 3268760 and 9196?
836
What is the highest common divisor of 90296605 and 11865?
3955
Calculate the highest common factor of 1277531052 and 1281.
1281
Calculate the highest common divisor of 272844 and 350350.
286
Calculate the highest common factor of 9004684 and 644.
92
Calculate the highest common factor of 2039412 and 48.
12
Calculate the greatest common divisor of 400 and 281458700.
100
Calculate the highest common factor of 9347 and 1292577.
13
What is the highest common divisor of 5049957 and 33?
33
Calculate the greatest common factor of 798196395 and 30.
15
What is the highest common factor of 44199804 and 246?
246
What is the highest common factor of 297726 and 10?
2
What is the highest common divisor of 32 and 101528?
8
What is the greatest common divisor of 156694 and 80?
2
What is the highest common divisor of 2575203 and 93081?
57
What is the highest common factor of 813 and 32623251?
813
Calculate the greatest common divisor of 34955656 and 32.
8
Calculate the highest common factor of 1944 and 189777897.
243
Calculate the greatest common factor of 235 and 10507790.
235
What is the greatest common factor of 16534 and 412034366?
2362
What is the highest common factor of 248080 and 23240?
280
Calculate the greatest common divisor of 6708994 and 328.
82
What is the greatest common divisor of 12745594 and 1818?
202
What is the greatest common divisor of 721007 and 56?
7
What is the greatest common factor of 2740 and 250289684?
548
Calculate the highest common factor of 10922915 and 85.
5
What is the greatest common factor of 670 and 23905198?
134
What is the greatest common divisor of 33872590 and 170?
10
What is the highest common divisor of 5 and 468691490?
5
What is the greatest common divisor of 14472948 and 105?
21
What is the greatest common divisor of 4920 and 42462060?
2460
What is the highest common factor of 95797 and 19616278?
7369
What is the greatest common factor of 4 and 1898762?
2
Calculate the highest common factor of 32 and 126473904.
16
Calculate the highest common factor of 36 and 190602.
18
Calculate the greatest common divisor of 82 and 215314.
2
What is the greatest common factor of 115 and 9580835?
5
What is the greatest common divisor of 5741527 and 4268?
1067
Calculate the greatest common factor of 9 and 211676013.
9
Calculate the greatest common divisor of 1595 and 39479.
11
Calculate the greatest common divisor of 9851650 and 5.
5
Calculate the greatest common factor of 43168 and 2144.
32
What is the highest common factor of 576 and 30708?
36
What is the greatest common divisor of 470678524 and 22673?
3239
What is the highest common factor of 11659925 and 20?
5
Calculate the highest common factor of 2483512 and 1.
1
What is the highest common divisor of 1312 and 66656816?
656
Calculate the greatest common factor of 127414193 and 103.
103
What is the greatest common factor of 1773 and 1289365?
197
What is the highest common factor of 981894 and 651?
93
What is the highest common divisor of 490 and 115238102?
98
Calculate the greatest common factor of 7848379 and 1617.
539
What is the highest common factor of 175